
In base 4, what is -1310101 - -1120023?
-130012
In base 9, what is -200612571 + 4?
-200612566
In base 3, what is 2 + 22000122211100122?
22000122211100201
In base 15, what is 527d + 2900?
7b7d
In base 6, what is -4105 + 251204?
243055
In base 4, what is -222230031 - -303?
-222223122
In base 14, what is 5c27b0cb - -1?
5c27b0cc
In base 16, what is 23 + -1a852?
-1a82f
In base 8, what is -4542534 - 67?
-4542623
In base 12, what is -144 + -3a114?
-3a258
In base 12, what is -347a6b - -159?
-347912
In base 15, what is -2ab8 - 231?
-2ce9
In base 13, what is -1b310 + 187?
-1b156
In base 11, what is 2 - -82891533?
82891535
In base 6, what is -1345131423 + 1?
-1345131422
In base 5, what is -21000 - 4030210?
-4101210
In base 13, what is b8b01782 + -2?
b8b01780
In base 10, what is -919776 - -69?
-919707
In base 4, what is 21001231331 + -3?
21001231322
In base 2, what is 10100111010101010101 + 11101010?
10100111011000111111
In base 8, what is 21254651 + -4?
21254645
In base 6, what is 32 - 32001001?
-32000525
In base 4, what is -1011312223113 - 2?
-1011312223121
In base 7, what is -42434261 + -6?
-42434300
In base 10, what is 3276616 - -4?
3276620
In base 10, what is 2094 - 1430?
664
In base 16, what is -1443 + 144e?
b
In base 9, what is 0 + 115065883?
115065883
In base 5, what is 441 - 221202320?
-221201324
In base 12, what is 1 + -18a9083?
-18a9082
In base 11, what is -4188291 - -8?
-4188284
In base 5, what is 4 + -23410314210?
-23410314201
In base 8, what is 4 - 675104137?
-675104133
In base 12, what is -171506 + -8?
-171512
In base 8, what is -6 - 25732350?
-25732356
In base 10, what is 4 + -812228?
-812224
In base 14, what is -14373d3 + -3?
-14373d6
In base 13, what is -3a4c4b - 18?
-3a4c66
In base 14, what is 209a + 589?
2645
In base 2, what is 111011101001011101001100100001 + 11?
111011101001011101001100100100
In base 15, what is -3552 - 4c05?
-8257
In base 5, what is 40 + 31420332?
31420422
In base 9, what is 4740880 - -10?
4741000
In base 10, what is -250 - -61977?
61727
In base 10, what is 783 + 209462?
210245
In base 13, what is -25943 + 54?
-258bc
In base 14, what is 3 + -4aca65b?
-4aca658
In base 16, what is -a - acceb?
-accf5
In base 15, what is 10b - 2b386?
-2b27a
In base 6, what is -32534005 + -100?
-32534105
In base 6, what is 30410 - -21311?
52121
In base 9, what is -386084 - 6?
-386101
In base 12, what is 46b3138 - 6?
46b3132
In base 5, what is 13310 - -1112?
14422
In base 15, what is -910185 + -3?
-910188
In base 2, what is 10 + -10101101010100001100100?
-10101101010100001100010
In base 8, what is 60 + -2130540?
-2130460
In base 6, what is -100523 - -242340?
141413
In base 16, what is 13d61cb - -4?
13d61cf
In base 8, what is -2750712 + 100?
-2750612
In base 2, what is -1000101011001101 + -100111000?
-1000110000000101
In base 13, what is -1a9 - 2875a?
-28936
In base 3, what is -110222100120000 + -201?
-110222100120201
In base 3, what is -202100111120 - 12210?
-202100201100
In base 8, what is -25763 + 470?
-25273
In base 12, what is -42a9a2 + 1b?
-42a983
In base 16, what is 1572efe + -c?
1572ef2
In base 15, what is 109a0 - 49?
10956
In base 8, what is -2 - -4657040?
4657036
In base 15, what is -3 - -ed34dc?
ed34d9
In base 12, what is 3 - 195793aa?
-195793a7
In base 16, what is 17a7b - -1?
17a7c
In base 9, what is 4 - 6750364?
-6750360
In base 3, what is -10112220110221 + 2?
-10112220110212
In base 3, what is 12 + 110000002111220?
110000002112002
In base 8, what is 53 + -1655527?
-1655454
In base 16, what is -1 - -112f279?
112f278
In base 13, what is 673c206 + -5?
673c201
In base 13, what is 4a - -1059514?
1059561
In base 12, what is 4a6515 + -74?
4a6461
In base 14, what is -b7533 - 34?
-b7567
In base 3, what is 12201012122 + -10002021?
12121010101
In base 15, what is b392a6 - 5?
b392a1
In base 10, what is -21246 + -931?
-22177
In base 9, what is -452 - 173504?
-174056
In base 4, what is 10231033 - -10020?
10301113
In base 14, what is -1279b9 + -1?
-1279ba
In base 6, what is -33424351044 + -1?
-33424351045
In base 6, what is 142 - 11231310?
-11231124
In base 2, what is -101100110100011101 - 11?
-101100110100100000
In base 7, what is 4 - 6115162363?
-6115162356
In base 5, what is 33 + -111044113?
-111044030
In base 11, what is -31 - 943589?
-94360a
In base 14, what is -3251abd - 5?
-3251ac4
In base 9, what is 12501545 - -5?
12501551
In base 6, what is 1 - 530140455?
-530140454
In base 15, what is 1b26772 - -1?
1b26773
In base 8, what is 5 + -110416134?
-110416127
In base 3, what is 122012011102 + -1211?
122012002121
In base 9, what is -178842 - 2401?
-182343
In base 7, what is -54132356 - -32?
-54132324
In base 4, what is -10 + 2022100101213?
2022100101203
In base 10, what is 3 + -17019462?
-17019459
In base 16, what is a73 + -501f?
-45ac
In base 14, what is -19c449 - -8b?
-19c39c
In base 3, what is -2002010 - 1021110?
-10100120
In base 12, what is -1171 + -2393?
-3544
In base 12, what is -4 - 780938a8?
-780938b0
In base 3, what is 201002 + -110021202?
-102120200
In base 13, what is 12b5 - -52a7?
658c
In base 7, what is -24302 - 25306?
-52611
In base 3, what is -20020110122102001 - 12?
-20020110122102020
In base 15, what is -60 + -16d241?
-16d2a1
In base 12, what is -4 - a3220258?
-a3220260
In base 3, what is -1111201 + -10212211220?
-10221100121
In base 10, what is 29 - -1153594?
1153623
In base 10, what is 369 - -35654?
36023
In base 11, what is 3797 + -150?
3647
In base 6, what is 330234114121 - 1?
330234114120
In base 16, what is bf5 + f05?
1afa
In base 10, what is 110895962 + 2?
110895964
In base 14, what is -3 + 247b01?
247adc
In base 16, what is -7 + ab8447?
ab8440
In base 7, what is -100 - 135340?
-135440
In base 7, what is -136363306 + -2?
-136363311
In base 6, what is -5202044 + -12?
-5202100
In base 2, what is 100100111001001110000100111110 - 0?
100100111001001110000100111110
In base 9, what is 2 - 15755608?
-15755606
In base 3, what is 11112201 + -11201112?
-11211
In base 4, what is 2 - -121110132002?
121110132010
In base 3, what is -2002210202 + 12220?
-2002120212
In base 7, what is 2040432 + 260?
2041022
In base 12, what is 2357841 + 34?
2357875
In base 4, what is 1112010 - 1231?
1110113
In base 14, what is 3cbd5 - -26a?
3d061
In base 13, what is -12153 - 55c?
-126b2
In base 9, what is -756766 + 0?
-756766
In base 6, what is -5421352 + -4402?
-5430154
In base 15, what is -1965eae + 0?
-1965eae
In base 7, what is -40020 - 25603?
-65623
In base 13, what is -3 - -29612a?
296127
In base 12, what is b7 - 48068?
-47b71
In base 6, what is 1 + -1151221230?
-1151221225
In base 4, what is 10102213 + -11133103?
-1030230
In base 12, what is 385 + -5bab?
-5826
In base 13, what is -52c58 - -c8?
-52b60
In base 11, what is -4 + -8302943?
-8302947
In base 13, what is 5472a8 + 44?
54731c
In base 12, what is 31515577 - 4?
31515573
In base 11, what is aa3 - 2348a2?
-2338aa
In base 7, what is -1411010 - 34?
-1411044
In base 13, what is -a25 - 1091?
-1ab6
In base 12, what is 1a6895 + a?
1a68a3
In base 11, what is 2818150 + -5?
2818146
In base 3, what is -20110 - 1220122100021?
-1220122120201
In base 2, what is 1000111 - 101101001000010001001?
-101101001000001000010
In base 11, what is 17 + -13428a?
-134273
In base 14, what is 1 - -5091ca5?
5091ca6
In base 7, what is -66 + -40420513?
-40420612
In base 13, what is 11121 + 19?
1113a
In base 9, what is 15 - -6304440?
6304455
In base 2, what is -1011111 + 1000001110100100?
1000001101000101
In base 2, what is -100000 - -110101100101100001011011?
110101100101100000111011
In base 4, what is 10321033302210 - -1?
10321033302211
In base 5, what is -4 - 1202331432?
-1202331441
In base 10, what is -576 + -29?
-605
In base 14, what is -3 - -4bb104?
4bb101
In base 11, what is 2660448 - -5?
2660452
In base 8, what is -114 + -10665772?
-10666106
In base 9, what is 324 - 701?
-366
In base 9, what is -15802 + -2540?
-18442
In base 4, what is 30002100 - 10?
30002030
In base 4, what is 20330311 - -2333?
20333310
In base 12, what is 100774 + 5a?
100812
In base 15, what is -18ee58 + bd?
-18ed8a
In base 14, what is -6 - -8d457?
8d451
In base 5, what is -4 + -340141?
-340200
In base 5, what is -14021000 + -2110?
-14023110
In base 11, what is -133 - -309a51?
309919
In base 14, what is -281 - -272d?
248c
In base 13, what